{"id":30,"date":"2008-12-26T15:28:18","date_gmt":"2008-12-26T14:28:18","guid":{"rendered":"http:\/\/www.freiholtz.se\/genealogi\/?page_id=30"},"modified":"2008-12-26T15:28:18","modified_gmt":"2008-12-26T14:28:18","slug":"personregister-g-k","status":"publish","type":"page","link":"https:\/\/www.freiholtz.se\/genealogi\/stamtavla\/personregister-g-k\/","title":{"rendered":"Personregister G-K"},"content":{"rendered":"<p>Gardner, Kirk Kelly (1954 &#8211; )<br \/>\nGill\u00e9n, Gun Hervor (1927 &#8211; )<br \/>\nGill\u00e9n, Maj-Britt (1924 &#8211; )<br \/>\nGillqvist, Allan (1925 &#8211; 2003)<br \/>\nGillqvist, Carina Eva-Lill (1962 &#8211; )<br \/>\nGillqvist, Hel\u00e9n Ann-Caroline (1958 &#8211; )<br \/>\nGottlieb, Anna (1972 &#8211; )<br \/>\nGottlieb, Christer (1942 &#8211; )<br \/>\nGottlieb, Ellen (1998 &#8211; )<br \/>\nGottlieb, Filippa (1999 &#8211; )<br \/>\nGottlieb, Klara (1996 &#8211; )<br \/>\nGottlieb, Peter (1969 &#8211; )<br \/>\nGraham Jr, Melvin Douglas (1974 &#8211; )<br \/>\nGripnert, Anna Monika Elisabeth (1947 &#8211; )<br \/>\nGripnert, Bror Axel (1908 &#8211; 1997)<br \/>\nGripnert, Bror Bertil (1950 &#8211; )<br \/>\nGuerreiro, Maria Cecilia (1955 &#8211; )<br \/>\nGustafson, Anna Dorothea (Dorothy)<br \/>\nGustafson, Betty Jean Virginia (1925 &#8211; )<br \/>\nGustafson, Carl Bertil (1907 &#8211; )<br \/>\nGustafson, Edith Linnea<br \/>\nGustafson, Gunnard Lennert<br \/>\nGustafson, Gustaf Helmer<br \/>\nGustafson, Lillian Kathrina<br \/>\nGustavsson, Karl<br \/>\nGustavsson, Patrik (1969 &#8211; )<br \/>\nHaglund, Eva Lotta Maria (1964 &#8211; )<br \/>\nHagman, Margareta (1944 &#8211; )<br \/>\nHallberg, Agneta (1948 &#8211; )<br \/>\nHallberg, Britta-Kajsa (1822 &#8211; 1891)<br \/>\nHalliburton, Cory<br \/>\nHalvorsen, Rakel (1913 &#8211; 1991)<br \/>\nHappe, Philip Tore Egon (1991 &#8211; )<br \/>\nHappe, Thomas Jan Erik (1970 &#8211; )<br \/>\nHawk Andersson, Rosemary (1915 &#8211; 1999)<br \/>\nHelfrich, Bryan (1977 &#8211; )<br \/>\nHelfrich, Carolyn Gail (1957 &#8211; )<br \/>\nHelfrich, Leanna (1976 &#8211; )<br \/>\nHelfrich, Leslie (1981 &#8211; )<br \/>\nHelfrich, Michael Robert (1961 &#8211; )<br \/>\nHelfrich, William Hartley (1927 &#8211; 1984)<br \/>\nHells\u00e9n, Astrid Kristina (1994 &#8211; )<br \/>\nHells\u00e9n, Ellen Margareta (1997 &#8211; )<br \/>\nHells\u00e9n, Johan Gustaf Lorentz (1998 &#8211; )<br \/>\nHells\u00e9n, Robert Knut (1953 &#8211; )<br \/>\nHellstr\u00f6m, Ruth Ingegerd Sofia (1951 &#8211; )<br \/>\nHenriksson, Anne Maria Helen (1971 &#8211; )<br \/>\nHenriksson, Arne Dennis Andreas (1975 &#8211; )<br \/>\nHenriksson, John Arne Alexander (1985 &#8211; )<br \/>\nHenriksson, Nils Arne Vidar (1942 &#8211; )<br \/>\nHenriksson, Per Arne Daniel (1978 &#8211; )<br \/>\nHermansson, Albin (2003 &#8211; )<br \/>\nHermansson, Amanda (1994 &#8211; )<br \/>\nHermansson, Anders (1917 &#8211; 1997)<br \/>\nHermansson, Ann-Sofie (1977 &#8211; )<br \/>\nHermansson, Anna Carin (1980 &#8211; )<br \/>\nHermansson, Anna (1971 &#8211; )<br \/>\nHermansson, Arne (1915 &#8211; 1946)<br \/>\nHermansson, Barbro (1948 &#8211; )<br \/>\nHermansson, Bengt (1927 &#8211; 2000)<br \/>\nHermansson, Benjamin (2005 &#8211; )<br \/>\nHermansson, Bo (1953 &#8211; )<br \/>\nHermansson, Brita Lisa Linn\u00e9a (1911 &#8211; 1990)<br \/>\nHermansson, Carina (1963 &#8211; )<br \/>\nHermansson, Catrin (1964 &#8211; )<br \/>\nHermansson, Christer (1951 &#8211; )<br \/>\nHermansson, Christine (1964 &#8211; )<br \/>\nHermansson, Claes (1964 &#8211; )<br \/>\nHermansson, Dan (1960 &#8211; )<br \/>\nHermansson, Daniel (1986 &#8211; )<br \/>\nHermansson, David (2000 &#8211; )<br \/>\nHermansson, Elin (1990 &#8211; )<br \/>\nHermansson, Elin (1993 &#8211; )<br \/>\nHermansson, Elinor (1982 &#8211; )<br \/>\nHermansson, Ella (1931 &#8211; )<br \/>\nHermansson, Emil (1997 &#8211; )<br \/>\nHermansson, Erik (1999 &#8211; )<br \/>\nHermansson, Ester Adina (1889 &#8211; 1970)<br \/>\nHermansson, Evald (1944 &#8211; )<br \/>\nHermansson, Fredrik (1974 &#8211; )<br \/>\nHermansson, Hanna (1992 &#8211; )<br \/>\nHermansson, Hans (1970 &#8211; )<br \/>\nHermansson, Harry (1907 &#8211; 1971)<br \/>\nHermansson, Ingamay (1946 &#8211; )<br \/>\nHermansson, Inger (1942 &#8211; )<br \/>\nHermansson, Ingmar (1960 &#8211; )<br \/>\nHermansson, Ingvar (1924 &#8211; )<br \/>\nHermansson, Jonas (1966 &#8211; )<br \/>\nHermansson, Jonas (1992 &#8211; )<br \/>\nHermansson, Jonatan (2004 &#8211; )<br \/>\nHermansson, J\u00f6rgen (1966 &#8211; )<br \/>\nHermansson, Karl (1883 &#8211; 1956)<br \/>\nHermansson, Karl (1996 &#8211; )<br \/>\nHermansson, Kerstin Viola (1946 &#8211; )<br \/>\nHermansson, Lena (1956 &#8211; )<br \/>\nHermansson, Linn (2005 &#8211; )<br \/>\nHermansson, Lisbeth (1955 &#8211; )<br \/>\nHermansson, Maria (Maja) (1925 &#8211; 2004)<br \/>\nHermansson, Maria (1970 &#8211; )<br \/>\nHermansson, Marianne (1948 &#8211; )<br \/>\nHermansson, Marie (1967 &#8211; )<br \/>\nHermansson, Martin (1969 &#8211; )<br \/>\nHermansson, Matilda (1999 &#8211; )<br \/>\nHermansson, Moa (2002 &#8211; )<br \/>\nHermansson, Niklas (1971 &#8211; )<br \/>\nHermansson, Niklas (1990 &#8211; )<br \/>\nHermansson, Nora (1909 &#8211; 1924)<br \/>\nHermansson, Nora (2004 &#8211; )<br \/>\nHermansson, Olof Sigvard Alexander (1912 &#8211; 1976)<br \/>\nHermansson, Olof (1993 &#8211; )<br \/>\nHermansson, Peter (1967 &#8211; )<br \/>\nHermansson, Peter (1969 &#8211; )<br \/>\nHermansson, Robin (1991 &#8211; )<br \/>\nHermansson, Rolf \u00c5ke (1946 &#8211; )<br \/>\nHermansson, Rune Ragnar (1922 &#8211; 1991)<br \/>\nHermansson, Samuel (1917 &#8211; )<br \/>\nHermansson, Sofia (2001 &#8211; )<br \/>\nHermansson, Svea Margareta (1914 &#8211; 1991)<br \/>\nHermansson, Sven (1941 &#8211; )<br \/>\nHermansson, Ulf (1940 &#8211; )<br \/>\nHermansson, Uno (1942 &#8211; )<br \/>\nHermansson, Viktor (2000 &#8211; )<br \/>\nHermansson, Wilma (2004 &#8211; )<br \/>\nHermansson, Yvonne (1945 &#8211; )<br \/>\nHermansson, \u00c5ke (1919 &#8211; 1920)<br \/>\nHermansson, \u00c5ke (1920 &#8211; )<br \/>\nHermansson, \u00c5sa (1986 &#8211; )<br \/>\nHermansson, \u00c5sa (1988 &#8211; )<br \/>\nHessel, Saima Margareta (1923 &#8211; )<br \/>\nHinshaw, Julia (1954 &#8211; )<br \/>\nHowell, Jessica (1976 &#8211; )<br \/>\nHowell, Michael<br \/>\nHuhmaniemi, Margit (1953 &#8211; )<br \/>\nHurtig, Anton Andersson (1848 &#8211; 1943)<br \/>\nHurty, (1922 &#8211; 1922)<br \/>\nHurty, August Andersson (1873 &#8211; )<br \/>\nHurty, Bertha (1896 &#8211; 1972)<br \/>\nHurty, Carl Oscar (1881 &#8211; 1930)<br \/>\nHurty, Carl<br \/>\nHurty, Carrie O (Karin) (1891 &#8211; 1966)<br \/>\nHurty, David L (1930 &#8211; )<br \/>\nHurty, G. Adolph (1885 &#8211; 1968)<br \/>\nHurty, George Edwin (1895 &#8211; 1990)<br \/>\nHurty, Gerald Alan (1938 &#8211; )<br \/>\nHurty, Hannah L (1883 &#8211; 1977)<br \/>\nHurty, John Albin (1879 &#8211; 1959)<br \/>\nHurty, Lisa M (1969 &#8211; )<br \/>\nHurty, Mary W (1887 &#8211; )<br \/>\nHurty, Paul A (1962 &#8211; )<br \/>\nHurty, Ralph O (1908 &#8211; 1979)<br \/>\nHurty, Remena Swan Algert (1894 &#8211; 1894)<br \/>\nHurty, Richard Gottfried (1888 &#8211; 1976)<br \/>\nHurty, Svenarne C (1958 &#8211; )<br \/>\nHurty, Teresa Ann<br \/>\nHurty, Walter Carl<br \/>\nHurty, William (1895 &#8211; 1896)<br \/>\nH\u00e4rdelin, Anna (1896 &#8211; )<br \/>\nH\u00e4rdelin, Emma (1903 &#8211; )<br \/>\nH\u00e4rdelin, G\u00f6sta (1899 &#8211; )<br \/>\nH\u00e4rdelin, Lars (1895 &#8211; )<br \/>\nH\u00e4rdelin, Nils (1898 &#8211; )<br \/>\nH\u00e4rdelin, Sally (1891 &#8211; 1971)<br \/>\nH\u00e4rdelin, Sigurd (1894 &#8211; )<br \/>\nH\u00e4rdelin, Sven (1907 &#8211; )<br \/>\nH\u00e4rdelin, Tor (1866 &#8211; 1945)<br \/>\nH\u00e4rdelin, Tor (1893 &#8211; )<br \/>\nH\u00f6gberg, Agneta Katarina (1961 &#8211; )<br \/>\nH\u00f6gsvik, Yvonne (1969 &#8211; )<br \/>\nIngalls, Debra Ellen (1952 &#8211; )<br \/>\nIngalls, Gina Suzanne (1955 &#8211; )<br \/>\nIngalls, Robert Hepler<br \/>\nIngalls, Yvonne Marie (1953 &#8211; )<br \/>\nJakobsson, Fritz Albin (1884 &#8211; 1972)<br \/>\nJakobsson, Lydia Evelina (1916 &#8211; )<br \/>\nJarnevald, Ann-Sofie Ellinor (1952 &#8211; )<br \/>\nJidefur, David Arne Sigvard (1919 &#8211; 1994)<br \/>\nJobrant, Per (1960 &#8211; )<br \/>\nJohansdotter, Anna-Stina (1854 &#8211; 1936)<br \/>\nJohansdotter, Anna (1876 &#8211; 1965)<br \/>\nJohansdotter, Ida Sofia (1862 &#8211; 1894)<br \/>\nJohansdotter, Johanna (1850 &#8211; 1906)<br \/>\nJohansdotter, Maria (1851 &#8211; )<br \/>\nJohansson,<br \/>\nJohansson, Adelina Sofia (1895 &#8211; 1978)<br \/>\nJohansson, Anna Lena (1950 &#8211; )<br \/>\nJohansson, Bertil (1906 &#8211; 1987)<br \/>\nJohansson, Dan J\u00f6rgen Inge (1957 &#8211; )<br \/>\nJohansson, Ebba Ingeborg (1921 &#8211; )<br \/>\nJohansson, Einar Mauritz (1929 &#8211; )<br \/>\nJohansson, Ellen (2005 &#8211; )<br \/>\nJohansson, Elly Gunvor (1921 &#8211; 1996)<br \/>\nJohansson, Emma (2002 &#8211; )<br \/>\nJohansson, Eva Kristina Elisabet (1958 &#8211; )<br \/>\nJohansson, Gun Anida Maria (1955 &#8211; )<br \/>\nJohansson, Gustav (2002 &#8211; )<br \/>\nJohansson, Hanna (2000 &#8211; )<br \/>\nJohansson, Hans Albert Kristian (1977 &#8211; )<br \/>\nJohansson, Helena (1973 &#8211; )<br \/>\nJohansson, Henrik (1976 &#8211; )<br \/>\nJohansson, Hulda Kristina (1884 &#8211; 1967)<br \/>\nJohansson, Inga (1948 &#8211; )<br \/>\nJohansson, Ingegerd (1955 &#8211; )<br \/>\nJohansson, Inger Linn\u00e9a Marianne (1969 &#8211; )<br \/>\nJohansson, Jan Olof (1945 &#8211; )<br \/>\nJohansson, John Bertil (1923 &#8211; 1953)<br \/>\nJohansson, Jonny (1977 &#8211; )<br \/>\nJohansson, J\u00f6rgen (1970 &#8211; )<br \/>\nJohansson, Karl Adolf (1885 &#8211; 1947)<br \/>\nJohansson, Karl Gustav (1893 &#8211; 1971)<br \/>\nJohansson, Karl Robert (1964 &#8211; )<br \/>\nJohansson, Kent Mauritz (1966 &#8211; )<br \/>\nJohansson, Lars \u00c5ke (1945 &#8211; )<br \/>\nJohansson, Lilly (1926 &#8211; )<br \/>\nJohansson, Nils Albert Gunnar (1927 &#8211; )<br \/>\nJohansson, Oskar Erik (1998 &#8211; )<br \/>\nJohansson, Oskar (2004 &#8211; )<br \/>\nJohansson, Per Anders (1970 &#8211; )<br \/>\nJohansson, Petra (1973 &#8211; )<br \/>\nJohansson, Robert (1971 &#8211; )<br \/>\nJohansson, Rolf Gunnar Ingemar (1959 &#8211; )<br \/>\nJohansson, Sandra (1978 &#8211; )<br \/>\nJohansson, Stig-\u00c5ke Wilhelm (1953 &#8211; )<br \/>\nJohansson, Susanna (1978 &#8211; )<br \/>\nJohnson, Hilda Josephine (1884 &#8211; 1954)<br \/>\nJohnsson, Astrid (1921 &#8211; )<br \/>\nJonasson, Elin (Ella) (1890 &#8211; 1970)<br \/>\nJonsson, Eva Kristina (1955 &#8211; )<br \/>\nJ\u00f6nsson, Valborg Margareta Sofia (1903 &#8211; 1987)<br \/>\nKarlsson, (- 1967)<br \/>\nKarlsson, Ann (1959 &#8211; )<br \/>\nKarlsson, Anna-Karin (1988 &#8211; )<br \/>\nKarlsson, Bengt Svante Ingvar (1922 &#8211; )<br \/>\nKarlsson, Bernt Roger (1950 &#8211; )<br \/>\nKarlsson, Bror (1922 &#8211; 2006)<br \/>\nKarlsson, B\u00f6rje Vilhard (1949 &#8211; )<br \/>\nKarlsson, Elin (1928 &#8211; 1971)<br \/>\nKarlsson, Eva Camilla (1972 &#8211; )<br \/>\nKarlsson, Evelina (1984 &#8211; )<br \/>\nKarlsson, Frida Caterine (1987 &#8211; )<br \/>\nKarlsson, Gunvor Elisabet (1947 &#8211; )<br \/>\nKarlsson, Helena (1971 &#8211; )<br \/>\nKarlsson, Hildur Eufrosyne (1888 &#8211; )<br \/>\nKarlsson, Inge Urban (1946 &#8211; )<br \/>\nKarlsson, Jenny Konstantina (1891 &#8211; 1970)<br \/>\nKarlsson, Jerker (1952 &#8211; )<br \/>\nKarlsson, Johan (1989 &#8211; )<br \/>\nKarlsson, Lars Patrik (1970 &#8211; )<br \/>\nKarlsson, Leif Anders Ingemar (1966 &#8211; )<br \/>\nKarlsson, Leif Roland (1954 &#8211; )<br \/>\nKarlsson, Lennart (1957 &#8211; )<br \/>\nKarlsson, Lina (1995 &#8211; )<br \/>\nKarlsson, Maria Anneli (1974 &#8211; )<br \/>\nKarlsson, Ove (1951 &#8211; )<br \/>\nKarlsson, Patrik (1992 &#8211; )<br \/>\nKarlsson, Peder (1948 &#8211; )<br \/>\nKarlsson, Per Arne (1950 &#8211; )<br \/>\nKarlsson, Per Arvid (1984 &#8211; )<br \/>\nKarlsson, Per Johan (1983 &#8211; )<br \/>\nKarlsson, Rasmus (1999 &#8211; )<br \/>\nKarlsson, Robin (1991 &#8211; )<br \/>\nKarlsson, Sandra (1989 &#8211; )<br \/>\nKarlsson, Sofia (1994 &#8211; )<br \/>\nKauffman,<br \/>\nKeller, Camilla (1970 &#8211; )<br \/>\nKelley, John Patrick (1937 &#8211; 1999)<br \/>\nKjellstrand, Tony (1965 &#8211; )<br \/>\nKullingsj\u00f6, Anders (1974 &#8211; )<br \/>\nKullingsj\u00f6, Britta (1951 &#8211; )<br \/>\nKullingsj\u00f6, Charlotte (1979 &#8211; )<br \/>\nKullingsj\u00f6, Christina (1985 &#8211; )<br \/>\nKullingsj\u00f6, Christoffer (1984 &#8211; )<br \/>\nKullingsj\u00f6, Cicilia (1975 &#8211; )<br \/>\nKullingsj\u00f6, Elmer (1913 &#8211; 1967)<br \/>\nKullingsj\u00f6, Erik (1974 &#8211; )<br \/>\nKullingsj\u00f6, H\u00e5kan (1977 &#8211; )<br \/>\nKullingsj\u00f6, Lennart (1948 &#8211; )<br \/>\nKullingsj\u00f6, Per-Hugo (1945 &#8211; )<br \/>\nKullingsj\u00f6, Samuel (1979 &#8211; )<br \/>\nKullingsj\u00f6, Tobias (1976 &#8211; )<br \/>\nKullingsj\u00f6, Torbj\u00f6rn (1948 &#8211; )<\/p>\n","protected":false},"excerpt":{"rendered":"<p>Gardner, Kirk Kelly (1954 &#8211; ) Gill\u00e9n, Gun Hervor (1927 &#8211; ) Gill\u00e9n, Maj-Britt (1924 &#8211; ) Gillqvist, Allan (1925 &#8211; 2003) Gillqvist, Carina Eva-Lill (1962 &#8211; ) Gillqvist, Hel\u00e9n Ann-Caroline (1958 &#8211; ) Gottlieb, Anna (1972 &#8211; ) Gottlieb, Christer (1942 &#8211; ) Gottlieb, Ellen (1998 &#8211; ) Gottlieb, Filippa (1999 &#8211; ) Gottlieb,&#8230;<\/p>\n","protected":false},"author":1,"featured_media":0,"parent":20,"menu_order":0,"comment_status":"closed","ping_status":"closed","template":"","meta":{"_monsterinsights_skip_tracking":false,"_monsterinsights_sitenote_active":false,"_monsterinsights_sitenote_note":"","_monsterinsights_sitenote_category":0,"footnotes":""},"class_list":["post-30","page","type-page","status-publish","hentry"],"yoast_head":"<!-- This site is optimized with the Yoast SEO plugin v27.4 - https:\/\/yoast.com\/product\/yoast-seo-wordpress\/ -->\n<title>Personregister G-K - Freiholtz Sl\u00e4ktforskning<\/title>\n<meta name=\"robots\" content=\"index, follow, max-snippet:-1, max-image-preview:large, max-video-preview:-1\" \/>\n<link rel=\"canonical\" href=\"https:\/\/www.freiholtz.se\/genealogi\/stamtavla\/personregister-g-k\/\" \/>\n<meta property=\"og:locale\" content=\"sv_SE\" \/>\n<meta property=\"og:type\" content=\"article\" \/>\n<meta property=\"og:title\" content=\"Personregister G-K - Freiholtz Sl\u00e4ktforskning\" \/>\n<meta property=\"og:description\" content=\"Gardner, Kirk Kelly (1954 &#8211; ) Gill\u00e9n, Gun Hervor (1927 &#8211; ) Gill\u00e9n, Maj-Britt (1924 &#8211; ) Gillqvist, Allan (1925 &#8211; 2003) Gillqvist, Carina Eva-Lill (1962 &#8211; ) Gillqvist, Hel\u00e9n Ann-Caroline (1958 &#8211; ) Gottlieb, Anna (1972 &#8211; ) Gottlieb, Christer (1942 &#8211; ) Gottlieb, Ellen (1998 &#8211; ) Gottlieb, Filippa (1999 &#8211; ) Gottlieb,...\" \/>\n<meta property=\"og:url\" content=\"https:\/\/www.freiholtz.se\/genealogi\/stamtavla\/personregister-g-k\/\" \/>\n<meta property=\"og:site_name\" content=\"Freiholtz Sl\u00e4ktforskning\" \/>\n<meta name=\"twitter:card\" content=\"summary_large_image\" \/>\n<meta name=\"twitter:label1\" content=\"Ber\u00e4knad l\u00e4stid\" \/>\n\t<meta name=\"twitter:data1\" content=\"5 minuter\" \/>\n<script type=\"application\/ld+json\" class=\"yoast-schema-graph\">{\"@context\":\"https:\\\/\\\/schema.org\",\"@graph\":[{\"@type\":\"WebPage\",\"@id\":\"https:\\\/\\\/www.freiholtz.se\\\/genealogi\\\/stamtavla\\\/personregister-g-k\\\/\",\"url\":\"https:\\\/\\\/www.freiholtz.se\\\/genealogi\\\/stamtavla\\\/personregister-g-k\\\/\",\"name\":\"Personregister G-K - Freiholtz Sl\u00e4ktforskning\",\"isPartOf\":{\"@id\":\"https:\\\/\\\/www.freiholtz.se\\\/genealogi\\\/#website\"},\"datePublished\":\"2008-12-26T14:28:18+00:00\",\"breadcrumb\":{\"@id\":\"https:\\\/\\\/www.freiholtz.se\\\/genealogi\\\/stamtavla\\\/personregister-g-k\\\/#breadcrumb\"},\"inLanguage\":\"sv-SE\",\"potentialAction\":[{\"@type\":\"ReadAction\",\"target\":[\"https:\\\/\\\/www.freiholtz.se\\\/genealogi\\\/stamtavla\\\/personregister-g-k\\\/\"]}]},{\"@type\":\"BreadcrumbList\",\"@id\":\"https:\\\/\\\/www.freiholtz.se\\\/genealogi\\\/stamtavla\\\/personregister-g-k\\\/#breadcrumb\",\"itemListElement\":[{\"@type\":\"ListItem\",\"position\":1,\"name\":\"Hem\",\"item\":\"https:\\\/\\\/www.freiholtz.se\\\/genealogi\\\/\"},{\"@type\":\"ListItem\",\"position\":2,\"name\":\"Stamtavla\",\"item\":\"https:\\\/\\\/www.freiholtz.se\\\/genealogi\\\/stamtavla\\\/\"},{\"@type\":\"ListItem\",\"position\":3,\"name\":\"Personregister G-K\"}]},{\"@type\":\"WebSite\",\"@id\":\"https:\\\/\\\/www.freiholtz.se\\\/genealogi\\\/#website\",\"url\":\"https:\\\/\\\/www.freiholtz.se\\\/genealogi\\\/\",\"name\":\"Freiholtz Sl\u00e4ktforskning\",\"description\":\"\u00c4ttlingar till J\u00fcrgen Joachim Freiholtz\",\"potentialAction\":[{\"@type\":\"SearchAction\",\"target\":{\"@type\":\"EntryPoint\",\"urlTemplate\":\"https:\\\/\\\/www.freiholtz.se\\\/genealogi\\\/?s={search_term_string}\"},\"query-input\":{\"@type\":\"PropertyValueSpecification\",\"valueRequired\":true,\"valueName\":\"search_term_string\"}}],\"inLanguage\":\"sv-SE\"}]}<\/script>\n<!-- \/ Yoast SEO plugin. -->","yoast_head_json":{"title":"Personregister G-K - Freiholtz Sl\u00e4ktforskning","robots":{"index":"index","follow":"follow","max-snippet":"max-snippet:-1","max-image-preview":"max-image-preview:large","max-video-preview":"max-video-preview:-1"},"canonical":"https:\/\/www.freiholtz.se\/genealogi\/stamtavla\/personregister-g-k\/","og_locale":"sv_SE","og_type":"article","og_title":"Personregister G-K - Freiholtz Sl\u00e4ktforskning","og_description":"Gardner, Kirk Kelly (1954 &#8211; ) Gill\u00e9n, Gun Hervor (1927 &#8211; ) Gill\u00e9n, Maj-Britt (1924 &#8211; ) Gillqvist, Allan (1925 &#8211; 2003) Gillqvist, Carina Eva-Lill (1962 &#8211; ) Gillqvist, Hel\u00e9n Ann-Caroline (1958 &#8211; ) Gottlieb, Anna (1972 &#8211; ) Gottlieb, Christer (1942 &#8211; ) Gottlieb, Ellen (1998 &#8211; ) Gottlieb, Filippa (1999 &#8211; ) Gottlieb,...","og_url":"https:\/\/www.freiholtz.se\/genealogi\/stamtavla\/personregister-g-k\/","og_site_name":"Freiholtz Sl\u00e4ktforskning","twitter_card":"summary_large_image","twitter_misc":{"Ber\u00e4knad l\u00e4stid":"5 minuter"},"schema":{"@context":"https:\/\/schema.org","@graph":[{"@type":"WebPage","@id":"https:\/\/www.freiholtz.se\/genealogi\/stamtavla\/personregister-g-k\/","url":"https:\/\/www.freiholtz.se\/genealogi\/stamtavla\/personregister-g-k\/","name":"Personregister G-K - Freiholtz Sl\u00e4ktforskning","isPartOf":{"@id":"https:\/\/www.freiholtz.se\/genealogi\/#website"},"datePublished":"2008-12-26T14:28:18+00:00","breadcrumb":{"@id":"https:\/\/www.freiholtz.se\/genealogi\/stamtavla\/personregister-g-k\/#breadcrumb"},"inLanguage":"sv-SE","potentialAction":[{"@type":"ReadAction","target":["https:\/\/www.freiholtz.se\/genealogi\/stamtavla\/personregister-g-k\/"]}]},{"@type":"BreadcrumbList","@id":"https:\/\/www.freiholtz.se\/genealogi\/stamtavla\/personregister-g-k\/#breadcrumb","itemListElement":[{"@type":"ListItem","position":1,"name":"Hem","item":"https:\/\/www.freiholtz.se\/genealogi\/"},{"@type":"ListItem","position":2,"name":"Stamtavla","item":"https:\/\/www.freiholtz.se\/genealogi\/stamtavla\/"},{"@type":"ListItem","position":3,"name":"Personregister G-K"}]},{"@type":"WebSite","@id":"https:\/\/www.freiholtz.se\/genealogi\/#website","url":"https:\/\/www.freiholtz.se\/genealogi\/","name":"Freiholtz Sl\u00e4ktforskning","description":"\u00c4ttlingar till J\u00fcrgen Joachim Freiholtz","potentialAction":[{"@type":"SearchAction","target":{"@type":"EntryPoint","urlTemplate":"https:\/\/www.freiholtz.se\/genealogi\/?s={search_term_string}"},"query-input":{"@type":"PropertyValueSpecification","valueRequired":true,"valueName":"search_term_string"}}],"inLanguage":"sv-SE"}]}},"_links":{"self":[{"href":"https:\/\/www.freiholtz.se\/genealogi\/wp-json\/wp\/v2\/pages\/30","targetHints":{"allow":["GET"]}}],"collection":[{"href":"https:\/\/www.freiholtz.se\/genealogi\/wp-json\/wp\/v2\/pages"}],"about":[{"href":"https:\/\/www.freiholtz.se\/genealogi\/wp-json\/wp\/v2\/types\/page"}],"author":[{"embeddable":true,"href":"https:\/\/www.freiholtz.se\/genealogi\/wp-json\/wp\/v2\/users\/1"}],"replies":[{"embeddable":true,"href":"https:\/\/www.freiholtz.se\/genealogi\/wp-json\/wp\/v2\/comments?post=30"}],"version-history":[{"count":0,"href":"https:\/\/www.freiholtz.se\/genealogi\/wp-json\/wp\/v2\/pages\/30\/revisions"}],"up":[{"embeddable":true,"href":"https:\/\/www.freiholtz.se\/genealogi\/wp-json\/wp\/v2\/pages\/20"}],"wp:attachment":[{"href":"https:\/\/www.freiholtz.se\/genealogi\/wp-json\/wp\/v2\/media?parent=30"}],"curies":[{"name":"wp","href":"https:\/\/api.w.org\/{rel}","templated":true}]}}