{"id":25,"date":"2008-12-26T15:25:03","date_gmt":"2008-12-26T14:25:03","guid":{"rendered":"http:\/\/www.freiholtz.se\/genealogi\/?page_id=25"},"modified":"2008-12-26T15:25:03","modified_gmt":"2008-12-26T14:25:03","slug":"personregister-a-e","status":"publish","type":"page","link":"https:\/\/www.freiholtz.se\/genealogi\/stamtavla\/personregister-a-e\/","title":{"rendered":"Personregister A-E"},"content":{"rendered":"<p>, Anna Ester Maria (1911 &#8211; 1992)<br \/>\n, Anna Helena Ing-Marie (Lena) (1958 &#8211; )<br \/>\n, Annie Jennifer (1972 &#8211; )<br \/>\n, Astrid Ingeborg (1901 &#8211; 1983)<br \/>\n, Bj\u00f6rn Christian (1974 &#8211; 1985)<br \/>\n, Elias (2006 &#8211; )<br \/>\n, Elisabeth Agnes Olivia (1919 &#8211; )<br \/>\n, Else Berit Irene (1948 &#8211; )<br \/>\n, Elvira (- 1955)<br \/>\n, Erik Gunnar G\u00f6sta (1995 &#8211; )<br \/>\n, Ester Margareta (1905 &#8211; 1993)<br \/>\n, Eva Karin Cecilia (1977 &#8211; )<br \/>\n, Gun (1943 &#8211; )<br \/>\n, Hans Magnus (1984 &#8211; )<br \/>\n, Helena (1988 &#8211; )<br \/>\n, Helene<br \/>\n, Helfrid Charlotta (1923 &#8211; 1994)<br \/>\n, Jan<br \/>\n, Jenny<br \/>\n, Jirle<br \/>\n, Karin Sofia (1977 &#8211; )<br \/>\n, Karl Erik (1998 &#8211; )<br \/>\n, Katalin<br \/>\n, Kent Sture (1941 &#8211; )<br \/>\n, LaNita (1955 &#8211; )<br \/>\n, Lars Uno Peter (1966 &#8211; )<br \/>\n, Malin Maria (1987 &#8211; )<br \/>\n, Margareta Maria Charlotta (1905 &#8211; 1984)<br \/>\n, Peter (1981 &#8211; )<br \/>\n, Rut Aldine Torborg (1901 &#8211; 1971)<br \/>\n, Signe Eivor (1927 &#8211; 1977)<br \/>\n, Signe (- 1938)<br \/>\n, Sigrid Maria (Maja) (1926 &#8211; )<br \/>\n, Simon (2004 &#8211; )<br \/>\n, Sonja Maj-Britt (1947 &#8211; )<br \/>\n, Stina (1984 &#8211; )<br \/>\n, Torbj\u00f6rn Christofer (1985 &#8211; )<br \/>\nAbrams, John<br \/>\nAhl, Alva (2003 &#8211; )<br \/>\nAhl, Anders (1972 &#8211; )<br \/>\nAhl, Saga (2002 &#8211; )<br \/>\nAhlstr\u00f6m, Kristina (1960 &#8211; )<br \/>\nAhlstr\u00f6m, Lars Gunnar (1963 &#8211; )<br \/>\nAhlstr\u00f6m, Sven Gunnar (1929 &#8211; )<br \/>\nAlbin, Liliane Gertrud Berthe (1919 &#8211; )<br \/>\nAlmkvist, Stina (1917 &#8211; )<br \/>\nAlpsten, Gabriel (1994 &#8211; )<br \/>\nAlpsten, Peter (1988 &#8211; )<br \/>\nAlpsten, Sara (1989 &#8211; )<br \/>\nAlsten, Bj\u00f6rn (1962 &#8211; )<br \/>\nAndersdotter, Anna (1852 &#8211; 1931)<br \/>\nAndersdotter, Augusta (1862 &#8211; )<br \/>\nAndersdotter, Augusta (1875 &#8211; 1913)<br \/>\nAndersson, Alfred (1877 &#8211; 1953)<br \/>\nAndersson, Alma Lovisa (1879 &#8211; 1966)<br \/>\nAndersson, Anita (1963 &#8211; )<br \/>\nAndersson, Anna Lisa (1934 &#8211; )<br \/>\nAndersson, Anna Paulina (1899 &#8211; 1987)<br \/>\nAndersson, Anna (1884 &#8211; 1959)<br \/>\nAndersson, Arvid (1888 &#8211; 1966)<br \/>\nAndersson, Astrid (1907 &#8211; 1976)<br \/>\nAndersson, Bengt Erny (1948 &#8211; )<br \/>\nAndersson, Birgit (1949 &#8211; )<br \/>\nAndersson, Birgitta (1922 &#8211; 1981)<br \/>\nAndersson, Britt-Inger (1956 &#8211; )<br \/>\nAndersson, Britt (1948 &#8211; )<br \/>\nAndersson, Christine (1972 &#8211; )<br \/>\nAndersson, Claes-G\u00f6ran Sigvard (1947 &#8211; )<br \/>\nAndersson, Dagny Viola Linn\u00e9a (1919 &#8211; 1998)<br \/>\nAndersson, Doris Ir\u00e9ne Marianne (1945 &#8211; )<br \/>\nAndersson, Egon (1919 &#8211; 2002)<br \/>\nAndersson, Erny Mattias (1972 &#8211; )<br \/>\nAndersson, Gunilla (1956 &#8211; )<br \/>\nAndersson, Helena Christina (1981 &#8211; )<br \/>\nAndersson, Ida Maria (1881 &#8211; 1974)<br \/>\nAndersson, Inga Helena<br \/>\nAndersson, Inga (1949 &#8211; )<br \/>\nAndersson, Ingrid Marianne (1931 &#8211; 1982)<br \/>\nAndersson, Jennie Denise (1990 &#8211; )<br \/>\nAndersson, Joakim (1966 &#8211; )<br \/>\nAndersson, Jonas Peter (1982 &#8211; )<br \/>\nAndersson, Karin (1912 &#8211; )<br \/>\nAndersson, Karl August<br \/>\nAndersson, Kjell-Ove (1956 &#8211; 1983)<br \/>\nAndersson, Kjell (1941 &#8211; )<br \/>\nAndersson, Lars Bertil (1918 &#8211; 1983)<br \/>\nAndersson, Lars (1809 &#8211; )<br \/>\nAndersson, Lili (1954 &#8211; )<br \/>\nAndersson, Per Andreas (1976 &#8211; )<br \/>\nAndersson, Sigbrith (1932 &#8211; )<br \/>\nAndersson, Stig G\u00f6ran (1946 &#8211; )<br \/>\nAndersson, Stina (1971 &#8211; )<br \/>\nAndersson, Susanne (1963 &#8211; )<br \/>\nAndreasson, Anders (1834 &#8211; 1896)<br \/>\nAndr\u00e9asson, Svea (1923 &#8211; 1985)<br \/>\nAnkartoft, Jan Daniel Chanta (1980 &#8211; )<br \/>\nAnkartoft, Jan<br \/>\nAnkartoft, Jenny Kristina Priyani (1978 &#8211; )<br \/>\nAronsson, Sven Gunnar (1910 &#8211; 1972)<br \/>\nArvidson,<br \/>\nArvidsson, Aina Maria (Maja) (1914 &#8211; 1986)<br \/>\nArvidsson, Allan (1921 &#8211; )<br \/>\nArvidsson, Anders (1966 &#8211; )<br \/>\nArvidsson, Anita (1958 &#8211; )<br \/>\nArvidsson, Berit (1918 &#8211; 2003)<br \/>\nArvidsson, Elin (1984 &#8211; )<br \/>\nArvidsson, Eva Marianne (1957 &#8211; 1984)<br \/>\nArvidsson, Hanna (1982 &#8211; )<br \/>\nArvidsson, Lennart (1928 &#8211; 1976)<br \/>\nArvidsson, Maria (1964 &#8211; )<br \/>\nArvidsson, Mats (1924 &#8211; )<br \/>\nArvidsson, Ove (1954 &#8211; )<br \/>\nArvidsson, Sara (1915 &#8211; 1989)<br \/>\nArvidsson, Stig (1954 &#8211; )<br \/>\nArvidsson, Tomas (1957 &#8211; 1963)<br \/>\nAsp, Clary Anne-Maj (1955 &#8211; )<br \/>\nAugustdotter (Johansson), Emma Sofia (1890 &#8211; 1955)<br \/>\nAugustsson, Anna Ellen Matilda (1924 &#8211; )<br \/>\nAugustsson, Carl-Johan Einar (1971 &#8211; )<br \/>\nAugustsson, David Gunnar (1940 &#8211; )<br \/>\nAugustsson, Per-Anders Bertil (1974 &#8211; )<br \/>\nAugustsson, Wilma Emilia (1997 &#8211; )<br \/>\nAxelsson, Britta Viola (1957 &#8211; )<br \/>\nBacker, Cecilia (Cilla) (1968 &#8211; )<br \/>\nBacker, Jesper (2000 &#8211; )<br \/>\nBalstad, Fredrik (1980 &#8211; )<br \/>\nBalstad, Hanne (1983 &#8211; )<br \/>\nBalstad, Petter (1953 &#8211; )<br \/>\nBerg, Mats (1971 &#8211; )<br \/>\nBerger, Larry<br \/>\nBerglund, Noomi Maria Louis (1910 &#8211; 2000)<br \/>\nBj\u00f6rklund, Lillemor (1946 &#8211; )<br \/>\nBj\u00f6rkman, Nils (Nisse) (1942 &#8211; )<br \/>\nBj\u00f6rnhov, Bengt Lars Olof (1947 &#8211; )<br \/>\nBj\u00f6rnhov, Sofia Charlotta Elise (1971 &#8211; )<br \/>\nBj\u00f6rnhov, Tobias Lars Ola (1976 &#8211; )<br \/>\nBlomgren, Camilla Theresia (1975 &#8211; )<br \/>\nBlomgren, Ebba Sofia (1978 &#8211; )<br \/>\nBlomgren, Lennart (1945 &#8211; )<br \/>\nBlomqvist, Britta Elise (1919 &#8211; 2006)<br \/>\nBlomqvist, Stina (- 1968)<br \/>\nBorg, Ulla (1950 &#8211; )<br \/>\nBrob\u00e4ck, Karina (1975 &#8211; )<br \/>\nBrown, Cynthia L (1962 &#8211; )<br \/>\nBrown, James<br \/>\nBrown, Jennifer L (1962 &#8211; )<br \/>\nBrown, Phillip<br \/>\nBrown, Richard<br \/>\nBrown, Stephen P (1959 &#8211; )<br \/>\nBrummer, Anna Helena (1811 &#8211; 1863)<br \/>\nBryngelsson, Beatrice (1997 &#8211; )<br \/>\nBryngelsson, Cecilia (1973 &#8211; )<br \/>\nBryngelsson, Dick (1944 &#8211; )<br \/>\nBryngelsson, Elinor (2001 &#8211; )<br \/>\nBryngelsson, Joakim (1995 &#8211; )<br \/>\nBryngelsson, Madeleine (1968 &#8211; )<br \/>\nBryngelsson, Rickard (1990 &#8211; )<br \/>\nBryngelsson, Tommy (1966 &#8211; )<br \/>\nBussow, Eliese Hannlore (1689 &#8211; 1750)<br \/>\nCampbell, Donald John (1944 &#8211; )<br \/>\nCarlsson, Bo Christer (1951 &#8211; )<br \/>\nCarlsson, Eva Marianne (1950 &#8211; )<br \/>\nCarlsson, Gunnar (1927 &#8211; )<br \/>\nChampion, Amanda Renee (1991 &#8211; )<br \/>\nChampion, Benjamin Thomas (1997 &#8211; )<br \/>\nChampion, Brunson Thomas (1963 &#8211; )<br \/>\nChampion, Kimberley Lynn (1988 &#8211; )<br \/>\nChristiansson, Christina Maria (1957 &#8211; )<br \/>\nCronwall, Astrid (1984 &#8211; )<br \/>\nCronwall, Erik (1986 &#8211; )<br \/>\nCronwall, H\u00e5kan (1987 &#8211; )<br \/>\nCronwall, Kjell (1955 &#8211; )<br \/>\nCronwall, Matilda (1983 &#8211; )<br \/>\nDahlberg, Leif (1946 &#8211; 1995)<br \/>\nDahlin, Ellen Konstantia (1887 &#8211; 1970)<br \/>\nDahll\u00f6f, Elisabeth (1948 &#8211; )<br \/>\nDailey, Chandler Jacob (1998 &#8211; )<br \/>\nDailey, MacKenzie Austin (1997 &#8211; )<br \/>\nDailey, Matthew David (1976 &#8211; )<br \/>\nDaniels, Carolyn Jean (1949 &#8211; )<br \/>\nDavidsson, Kerstin (1949 &#8211; )<br \/>\nDavidsson, Majken (1935 &#8211; )<br \/>\nDevignes, Marie Louise (1929 &#8211; )<br \/>\nEgbert, John<br \/>\nEgbert, Stevie<br \/>\nEkholm, Petra (1969 &#8211; )<br \/>\nElsander, Jesper (1974 &#8211; )<br \/>\nElvingson, Hans John Birger (1970 &#8211; )<br \/>\nEnebog, Gustaf Per (1972 &#8211; )<br \/>\nEnebog, Jan Gustav (1942 &#8211; )<br \/>\nEnebog, Johannes Mats (1969 &#8211; )<br \/>\nEnebog, Petra Kristin (1969 &#8211; )<br \/>\nEnevoldsen, Anja (1972 &#8211; )<br \/>\nEnticknap, John Edwin (1947 &#8211; )<br \/>\nEnticknap, Kelly Louise (1987 &#8211; )<br \/>\nEnticknap, Nicole (Nickie) Elizabeth (1981 &#8211; )<br \/>\nEricson, Daisy Elsa Amalia (1912 &#8211; 1998)<br \/>\nEricson, Eivor Sigrid Viktoria (1913 &#8211; )<br \/>\nEriksson, Alva Petronella Helena (1864 &#8211; )<br \/>\nEriksson, Anselm (1875 &#8211; )<br \/>\nEriksson, Daniel (1980 &#8211; )<br \/>\nEriksson, Elisabeth (1986 &#8211; )<br \/>\nEriksson, Emma (1878 &#8211; )<br \/>\nEriksson, Erik Thomas Benneth (1962 &#8211; )<br \/>\nEriksson, Folke (1953 &#8211; )<br \/>\nEriksson, Gerda Nathalia Viktorina (1869 &#8211; 1941)<br \/>\nEriksson, Hanna Kristina (1901 &#8211; 1981)<br \/>\nEriksson, Hilding Arthur (1865 &#8211; )<br \/>\nEriksson, Hulda Charlotta (1884 &#8211; 1923)<br \/>\nEriksson, H\u00e5kan (1956 &#8211; )<br \/>\nEriksson, Johannes (1982 &#8211; )<br \/>\nEriksson, Kristian Waldemar (1883 &#8211; 1937)<br \/>\nEriksson, Malcus (1870 &#8211; 1937)<br \/>\nEriksson, Patrik William (1866 &#8211; 1916)<br \/>\nEriksson, Pehr (1832 &#8211; 1884)<br \/>\nEriksson, Vanda Bernhardina Adlaide (1870 &#8211; )<br \/>\nEriksson, Vega (1880 &#8211; 1936)<br \/>\nErlfeldt, Barbro (1949 &#8211; )<br \/>\nErlfeldt, Birgitta (1951 &#8211; )<br \/>\nErlfeldt, Bo Waldemar (1947 &#8211; )<br \/>\nErlfeldt, Gabrielle (1955 &#8211; )<br \/>\nErlfeldt, Henry Waldemar (1921 &#8211; )<br \/>\nErlfeldt, Tor (1980 &#8211; )<br \/>\nErlfeldt, \u00c5sa (1976 &#8211; )<\/p>\n","protected":false},"excerpt":{"rendered":"<p>, Anna Ester Maria (1911 &#8211; 1992) , Anna Helena Ing-Marie (Lena) (1958 &#8211; ) , Annie Jennifer (1972 &#8211; ) , Astrid Ingeborg (1901 &#8211; 1983) , Bj\u00f6rn Christian (1974 &#8211; 1985) , Elias (2006 &#8211; ) , Elisabeth Agnes Olivia (1919 &#8211; ) , Else Berit Irene (1948 &#8211; ) , Elvira (-&#8230;<\/p>\n","protected":false},"author":1,"featured_media":0,"parent":20,"menu_order":0,"comment_status":"closed","ping_status":"closed","template":"","meta":{"_monsterinsights_skip_tracking":false,"_monsterinsights_sitenote_active":false,"_monsterinsights_sitenote_note":"","_monsterinsights_sitenote_category":0,"footnotes":""},"class_list":["post-25","page","type-page","status-publish","hentry"],"yoast_head":"<!-- This site is optimized with the Yoast SEO plugin v27.4 - https:\/\/yoast.com\/product\/yoast-seo-wordpress\/ -->\n<title>Personregister A-E - Freiholtz Sl\u00e4ktforskning<\/title>\n<meta name=\"robots\" content=\"index, follow, max-snippet:-1, max-image-preview:large, max-video-preview:-1\" \/>\n<link rel=\"canonical\" href=\"https:\/\/www.freiholtz.se\/genealogi\/stamtavla\/personregister-a-e\/\" \/>\n<meta property=\"og:locale\" content=\"sv_SE\" \/>\n<meta property=\"og:type\" content=\"article\" \/>\n<meta property=\"og:title\" content=\"Personregister A-E - Freiholtz Sl\u00e4ktforskning\" \/>\n<meta property=\"og:description\" content=\", Anna Ester Maria (1911 &#8211; 1992) , Anna Helena Ing-Marie (Lena) (1958 &#8211; ) , Annie Jennifer (1972 &#8211; ) , Astrid Ingeborg (1901 &#8211; 1983) , Bj\u00f6rn Christian (1974 &#8211; 1985) , Elias (2006 &#8211; ) , Elisabeth Agnes Olivia (1919 &#8211; ) , Else Berit Irene (1948 &#8211; ) , Elvira (-...\" \/>\n<meta property=\"og:url\" content=\"https:\/\/www.freiholtz.se\/genealogi\/stamtavla\/personregister-a-e\/\" \/>\n<meta property=\"og:site_name\" content=\"Freiholtz Sl\u00e4ktforskning\" \/>\n<meta name=\"twitter:card\" content=\"summary_large_image\" \/>\n<meta name=\"twitter:label1\" content=\"Ber\u00e4knad l\u00e4stid\" \/>\n\t<meta name=\"twitter:data1\" content=\"4 minuter\" \/>\n<script type=\"application\/ld+json\" class=\"yoast-schema-graph\">{\"@context\":\"https:\\\/\\\/schema.org\",\"@graph\":[{\"@type\":\"WebPage\",\"@id\":\"https:\\\/\\\/www.freiholtz.se\\\/genealogi\\\/stamtavla\\\/personregister-a-e\\\/\",\"url\":\"https:\\\/\\\/www.freiholtz.se\\\/genealogi\\\/stamtavla\\\/personregister-a-e\\\/\",\"name\":\"Personregister A-E - Freiholtz Sl\u00e4ktforskning\",\"isPartOf\":{\"@id\":\"https:\\\/\\\/www.freiholtz.se\\\/genealogi\\\/#website\"},\"datePublished\":\"2008-12-26T14:25:03+00:00\",\"breadcrumb\":{\"@id\":\"https:\\\/\\\/www.freiholtz.se\\\/genealogi\\\/stamtavla\\\/personregister-a-e\\\/#breadcrumb\"},\"inLanguage\":\"sv-SE\",\"potentialAction\":[{\"@type\":\"ReadAction\",\"target\":[\"https:\\\/\\\/www.freiholtz.se\\\/genealogi\\\/stamtavla\\\/personregister-a-e\\\/\"]}]},{\"@type\":\"BreadcrumbList\",\"@id\":\"https:\\\/\\\/www.freiholtz.se\\\/genealogi\\\/stamtavla\\\/personregister-a-e\\\/#breadcrumb\",\"itemListElement\":[{\"@type\":\"ListItem\",\"position\":1,\"name\":\"Hem\",\"item\":\"https:\\\/\\\/www.freiholtz.se\\\/genealogi\\\/\"},{\"@type\":\"ListItem\",\"position\":2,\"name\":\"Stamtavla\",\"item\":\"https:\\\/\\\/www.freiholtz.se\\\/genealogi\\\/stamtavla\\\/\"},{\"@type\":\"ListItem\",\"position\":3,\"name\":\"Personregister A-E\"}]},{\"@type\":\"WebSite\",\"@id\":\"https:\\\/\\\/www.freiholtz.se\\\/genealogi\\\/#website\",\"url\":\"https:\\\/\\\/www.freiholtz.se\\\/genealogi\\\/\",\"name\":\"Freiholtz Sl\u00e4ktforskning\",\"description\":\"\u00c4ttlingar till J\u00fcrgen Joachim Freiholtz\",\"potentialAction\":[{\"@type\":\"SearchAction\",\"target\":{\"@type\":\"EntryPoint\",\"urlTemplate\":\"https:\\\/\\\/www.freiholtz.se\\\/genealogi\\\/?s={search_term_string}\"},\"query-input\":{\"@type\":\"PropertyValueSpecification\",\"valueRequired\":true,\"valueName\":\"search_term_string\"}}],\"inLanguage\":\"sv-SE\"}]}<\/script>\n<!-- \/ Yoast SEO plugin. -->","yoast_head_json":{"title":"Personregister A-E - Freiholtz Sl\u00e4ktforskning","robots":{"index":"index","follow":"follow","max-snippet":"max-snippet:-1","max-image-preview":"max-image-preview:large","max-video-preview":"max-video-preview:-1"},"canonical":"https:\/\/www.freiholtz.se\/genealogi\/stamtavla\/personregister-a-e\/","og_locale":"sv_SE","og_type":"article","og_title":"Personregister A-E - Freiholtz Sl\u00e4ktforskning","og_description":", Anna Ester Maria (1911 &#8211; 1992) , Anna Helena Ing-Marie (Lena) (1958 &#8211; ) , Annie Jennifer (1972 &#8211; ) , Astrid Ingeborg (1901 &#8211; 1983) , Bj\u00f6rn Christian (1974 &#8211; 1985) , Elias (2006 &#8211; ) , Elisabeth Agnes Olivia (1919 &#8211; ) , Else Berit Irene (1948 &#8211; ) , Elvira (-...","og_url":"https:\/\/www.freiholtz.se\/genealogi\/stamtavla\/personregister-a-e\/","og_site_name":"Freiholtz Sl\u00e4ktforskning","twitter_card":"summary_large_image","twitter_misc":{"Ber\u00e4knad l\u00e4stid":"4 minuter"},"schema":{"@context":"https:\/\/schema.org","@graph":[{"@type":"WebPage","@id":"https:\/\/www.freiholtz.se\/genealogi\/stamtavla\/personregister-a-e\/","url":"https:\/\/www.freiholtz.se\/genealogi\/stamtavla\/personregister-a-e\/","name":"Personregister A-E - Freiholtz Sl\u00e4ktforskning","isPartOf":{"@id":"https:\/\/www.freiholtz.se\/genealogi\/#website"},"datePublished":"2008-12-26T14:25:03+00:00","breadcrumb":{"@id":"https:\/\/www.freiholtz.se\/genealogi\/stamtavla\/personregister-a-e\/#breadcrumb"},"inLanguage":"sv-SE","potentialAction":[{"@type":"ReadAction","target":["https:\/\/www.freiholtz.se\/genealogi\/stamtavla\/personregister-a-e\/"]}]},{"@type":"BreadcrumbList","@id":"https:\/\/www.freiholtz.se\/genealogi\/stamtavla\/personregister-a-e\/#breadcrumb","itemListElement":[{"@type":"ListItem","position":1,"name":"Hem","item":"https:\/\/www.freiholtz.se\/genealogi\/"},{"@type":"ListItem","position":2,"name":"Stamtavla","item":"https:\/\/www.freiholtz.se\/genealogi\/stamtavla\/"},{"@type":"ListItem","position":3,"name":"Personregister A-E"}]},{"@type":"WebSite","@id":"https:\/\/www.freiholtz.se\/genealogi\/#website","url":"https:\/\/www.freiholtz.se\/genealogi\/","name":"Freiholtz Sl\u00e4ktforskning","description":"\u00c4ttlingar till J\u00fcrgen Joachim Freiholtz","potentialAction":[{"@type":"SearchAction","target":{"@type":"EntryPoint","urlTemplate":"https:\/\/www.freiholtz.se\/genealogi\/?s={search_term_string}"},"query-input":{"@type":"PropertyValueSpecification","valueRequired":true,"valueName":"search_term_string"}}],"inLanguage":"sv-SE"}]}},"_links":{"self":[{"href":"https:\/\/www.freiholtz.se\/genealogi\/wp-json\/wp\/v2\/pages\/25","targetHints":{"allow":["GET"]}}],"collection":[{"href":"https:\/\/www.freiholtz.se\/genealogi\/wp-json\/wp\/v2\/pages"}],"about":[{"href":"https:\/\/www.freiholtz.se\/genealogi\/wp-json\/wp\/v2\/types\/page"}],"author":[{"embeddable":true,"href":"https:\/\/www.freiholtz.se\/genealogi\/wp-json\/wp\/v2\/users\/1"}],"replies":[{"embeddable":true,"href":"https:\/\/www.freiholtz.se\/genealogi\/wp-json\/wp\/v2\/comments?post=25"}],"version-history":[{"count":0,"href":"https:\/\/www.freiholtz.se\/genealogi\/wp-json\/wp\/v2\/pages\/25\/revisions"}],"up":[{"embeddable":true,"href":"https:\/\/www.freiholtz.se\/genealogi\/wp-json\/wp\/v2\/pages\/20"}],"wp:attachment":[{"href":"https:\/\/www.freiholtz.se\/genealogi\/wp-json\/wp\/v2\/media?parent=25"}],"curies":[{"name":"wp","href":"https:\/\/api.w.org\/{rel}","templated":true}]}}